{"id":484,"date":"2018-03-03T13:10:37","date_gmt":"2018-03-03T12:10:37","guid":{"rendered":"http:\/\/acamontagne.com\/?page_id=484"},"modified":"2019-07-30T21:27:07","modified_gmt":"2019-07-30T20:27:07","slug":"bochard-domaine-des-grands-montets","status":"publish","type":"page","link":"https:\/\/acamontagne.com\/?page_id=484","title":{"rendered":"Bochard : domaine des Grands Montets"},"content":{"rendered":"<figure id=\"attachment_491\" aria-describedby=\"caption-attachment-491\" style=\"width: 1000px\" class=\"wp-caption alignnone\"><a href=\"http:\/\/acamontagne.com\/wp-content\/Panoramas\/Bochard\/Pano%20Bochard.html\"><img loading=\"lazy\" decoding=\"async\" class=\"wp-image-491\" src=\"http:\/\/acamontagne.com\/wp-content\/uploads\/2018\/03\/Pano-Bochard-300x130.jpg\" alt=\"\" width=\"1000\" height=\"434\" srcset=\"https:\/\/acamontagne.com\/wp-content\/uploads\/2018\/03\/Pano-Bochard-300x130.jpg 300w, https:\/\/acamontagne.com\/wp-content\/uploads\/2018\/03\/Pano-Bochard-768x333.jpg 768w, https:\/\/acamontagne.com\/wp-content\/uploads\/2018\/03\/Pano-Bochard-1200x521.jpg 1200w\" sizes=\"auto, (max-width: 706px) 89vw, (max-width: 767px) 82vw, 740px\" \/><\/a><figcaption id=\"caption-attachment-491\" class=\"wp-caption-text\">Panorma Bochard. Domaine des grands Montets. Vall\u00e9e de Chamonix<\/figcaption><\/figure>\n<p><a href=\"http:\/\/acamontagne.com\/wp-content\/Panoramas\/Bochard\/Pano%20Bochard.html\">Photo 360\u00b0 immersive prise \u00e0 l&rsquo;aide du drone DJI Spark.<\/a><\/p>\n<p>Vous pouvez zoomer \u00e0 volont\u00e9 dans l&rsquo;image et vous d\u00e9placer \u00e0 l&rsquo;aide du clavier ou de la souris.<\/p>\n","protected":false},"excerpt":{"rendered":"<p>Photo 360\u00b0 immersive prise \u00e0 l&rsquo;aide du drone DJI Spark. Vous pouvez zoomer \u00e0 volont\u00e9 dans l&rsquo;image et vous d\u00e9placer \u00e0 l&rsquo;aide du clavier ou de la souris.<\/p>\n","protected":false},"author":1,"featured_media":0,"parent":475,"menu_order":6,"comment_status":"closed","ping_status":"closed","template":"","meta":{"_monsterinsights_skip_tracking":false,"_monsterinsights_sitenote_active":false,"_monsterinsights_sitenote_note":"","_monsterinsights_sitenote_category":0,"ngg_post_thumbnail":0,"footnotes":""},"class_list":["post-484","page","type-page","status-publish","hentry"],"jetpack_sharing_enabled":true,"_links":{"self":[{"href":"https:\/\/acamontagne.com\/index.php?rest_route=\/wp\/v2\/pages\/484","targetHints":{"allow":["GET"]}}],"collection":[{"href":"https:\/\/acamontagne.com\/index.php?rest_route=\/wp\/v2\/pages"}],"about":[{"href":"https:\/\/acamontagne.com\/index.php?rest_route=\/wp\/v2\/types\/page"}],"author":[{"embeddable":true,"href":"https:\/\/acamontagne.com\/index.php?rest_route=\/wp\/v2\/users\/1"}],"replies":[{"embeddable":true,"href":"https:\/\/acamontagne.com\/index.php?rest_route=%2Fwp%2Fv2%2Fcomments&post=484"}],"version-history":[{"count":4,"href":"https:\/\/acamontagne.com\/index.php?rest_route=\/wp\/v2\/pages\/484\/revisions"}],"predecessor-version":[{"id":525,"href":"https:\/\/acamontagne.com\/index.php?rest_route=\/wp\/v2\/pages\/484\/revisions\/525"}],"up":[{"embeddable":true,"href":"https:\/\/acamontagne.com\/index.php?rest_route=\/wp\/v2\/pages\/475"}],"wp:attachment":[{"href":"https:\/\/acamontagne.com\/index.php?rest_route=%2Fwp%2Fv2%2Fmedia&parent=484"}],"curies":[{"name":"wp","href":"https:\/\/api.w.org\/{rel}","templated":true}]}}